{"id":11,"date":"2021-08-15T17:29:19","date_gmt":"2021-08-15T15:29:19","guid":{"rendered":"https:\/\/www.stefgraphisme.fr\/sites-cles-en-main\/avance\/?page_id=11"},"modified":"2023-06-06T20:30:42","modified_gmt":"2023-06-06T18:30:42","slug":"a-propos","status":"publish","type":"page","link":"https:\/\/stefgraphisme.fr\/sites-cles-en-main\/avance\/a-propos\/","title":{"rendered":"A propos"},"content":{"rendered":"<style>.kb-row-layout-id_b21951-02 > .kt-row-column-wrap{align-content:start;}:where(.kb-row-layout-id_b21951-02 > .kt-row-column-wrap) > .wp-block-kadence-column{justify-content:start;}.kb-row-layout-id_b21951-02 > .kt-row-column-wrap{column-gap:var(--global-kb-gap-md, 2rem);row-gap:var(--global-kb-gap-md, 2rem);max-width:var( --global-content-width, 1440px );padding-left:var(--global-content-edge-padding);padding-right:var(--global-content-edge-padding);padding-top:130px;padding-bottom:392px;grid-template-columns:minmax(0, 1fr);}.kb-row-layout-id_b21951-02{background-image:url('https:\/\/www.stefgraphisme.fr\/sites-cles-en-main\/avance\/wp-content\/uploads\/2021\/08\/computer-tablet-and-smartphone-showing-online-marketing-responsive-website-with-white-scren-3d-rendering.jpg');background-size:cover;background-position:56.99999999999999% 44%;background-attachment:fixed;background-repeat:no-repeat;}.kb-row-layout-id_b21951-02 > .kt-row-layout-overlay{opacity:0.00;background:linear-gradient(90deg, #00b5e2 0%, #1c809a 100%);mix-blend-mode:overlay;}.kb-row-layout-id_b21951-02 .kt-row-layout-bottom-sep{height:100px;}.kb-row-layout-id_b21951-02 .kt-row-layout-bottom-sep svg{width:100%;}.kb-row-layout-id_b21951-02 .kt-row-layout-bottom-sep svg{fill:#ffffff!important;}@media all and (max-width: 1024px){.kb-row-layout-id_b21951-02 > .kt-row-column-wrap{grid-template-columns:minmax(0, 1fr);}}@media all and (max-width: 1024px){.kb-row-layout-id_b21951-02 .kt-row-layout-bottom-sep{height:px;}}@media all and (max-width: 1024px){.kb-row-layout-id_b21951-02 .kt-row-layout-bottom-sep svg{width:%;}}@media all and (max-width: 767px){.kb-row-layout-id_b21951-02 > .kt-row-column-wrap{grid-template-columns:minmax(0, 1fr);}.kb-row-layout-id_b21951-02 .kt-row-layout-bottom-sep{height:px;}.kb-row-layout-id_b21951-02 .kt-row-layout-bottom-sep svg{width:%;}}<\/style><div class=\"kb-row-layout-wrap kb-row-layout-id_b21951-02 alignfull kt-row-has-bg kt-jarallax wp-block-kadence-rowlayout\"><div class=\"kt-row-layout-overlay kt-row-overlay-gradient\"><\/div><div class=\"kt-row-layout-bottom-sep kt-row-sep-type-wavesi\"><svg viewBox=\"0 0 1000 100\" preserveAspectRatio=\"none\"><path d=\"M0,40c0,0 120.077,-38.076 250,-38c129.923,0.076 345.105,78 500,78c154.895,0 250,-30 250,-30l0,50l-1000,0l0,-60Z\" \/><path d=\"M0,40c0,0 120.077,-38.076 250,-38c129.923,0.076 345.105,73 500,73c154.895,0 250,-45 250,-45l0,70l-1000,0l0,-60Z\" style=\"opacity: 0.4\" \/><path d=\"M0,40c0,0 120.077,-38.076 250,-38c129.923,0.076 345.105,68 500,68c154.895,0 250,-65 250,-65l0,95l-1000,0l0,-60Z\" style=\"opacity: 0.4\" \/><\/svg><\/div><div class=\"kt-row-column-wrap kt-has-1-columns kt-row-layout-equal kt-tab-layout-inherit kt-mobile-layout-row kt-row-valign-top kb-theme-content-width\">\n<style>.kadence-column_c3537c-79 > .kt-inside-inner-col,.kadence-column_c3537c-79 > .kt-inside-inner-col:before{border-top-left-radius:0px;border-top-right-radius:0px;border-bottom-right-radius:0px;border-bottom-left-radius:0px;}.kadence-column_c3537c-79 > .kt-inside-inner-col:before{opacity:0.3;}.kadence-column_c3537c-79{position:relative;}<\/style>\n<div class=\"wp-block-kadence-column kadence-column_c3537c-79 kb-section-dir-vertical\"><div class=\"kt-inside-inner-col\"><style>.wp-block-kadence-advancedheading.kt-adv-heading_fa97ca-0a, .wp-block-kadence-advancedheading.kt-adv-heading_fa97ca-0a[data-kb-block=\"kb-adv-heading_fa97ca-0a\"]{text-align:left;font-size:3.5em;line-height:1.3em;font-weight:800;font-style:normal;font-family:Montserrat;color:#ffffff;}.wp-block-kadence-advancedheading.kt-adv-heading_fa97ca-0a mark, .wp-block-kadence-advancedheading.kt-adv-heading_fa97ca-0a[data-kb-block=\"kb-adv-heading_fa97ca-0a\"] mark{font-style:normal;color:#f76a0c;padding-top:0px;padding-right:0px;padding-bottom:0px;padding-left:0px;}<\/style>\n<h1 class=\"kt-adv-heading_fa97ca-0a wp-block-kadence-advancedheading\" data-kb-block=\"kb-adv-heading_fa97ca-0a\">\u00c0 propos<\/h1>\n\n\n<style>.wp-block-kadence-advancedheading.kt-adv-heading_16e066-c4, .wp-block-kadence-advancedheading.kt-adv-heading_16e066-c4[data-kb-block=\"kb-adv-heading_16e066-c4\"]{text-align:left;font-size:1.6em;line-height:1em;font-weight:200;font-style:normal;font-family:Montserrat;color:#ffffff;}.wp-block-kadence-advancedheading.kt-adv-heading_16e066-c4 mark, .wp-block-kadence-advancedheading.kt-adv-heading_16e066-c4[data-kb-block=\"kb-adv-heading_16e066-c4\"] mark{font-style:normal;color:#f76a0c;padding-top:0px;padding-right:0px;padding-bottom:0px;padding-left:0px;}<\/style>\n<h4 class=\"kt-adv-heading_16e066-c4 wp-block-kadence-advancedheading\" data-kb-block=\"kb-adv-heading_16e066-c4\">sous-titre<\/h4>\n\n\n<style>.wp-block-kadence-advancedbtn.kt-btns_961548-bc, .site .entry-content .wp-block-kadence-advancedbtn.kt-btns_961548-bc, .wp-block-kadence-advancedbtn.kb-btns_961548-bc, .site .entry-content .wp-block-kadence-advancedbtn.kb-btns_961548-bc{margin-top:30px;}.wp-block-kadence-advancedbtn.kb-btns_961548-bc{gap:var(--global-kb-gap-xs, 0.5rem );justify-content:flex-start;align-items:center;}.kt-btns_961548-bc .kt-button{font-weight:normal;font-style:normal;}<\/style>\n<div class=\"wp-block-kadence-advancedbtn kb-buttons-wrap kb-btns_961548-bc\"><style>ul.menu .wp-block-kadence-advancedbtn .kb-btn_12f7e3-73.kb-button{width:initial;}.wp-block-kadence-advancedbtn .kb-btn_12f7e3-73.kb-button{color:#ffffff;background:#00b5e2;font-style:normal;font-weight:300;font-size:18px;font-family:Montserrat;border-top-left-radius:3px;border-top-right-radius:3px;border-bottom-right-radius:3px;border-bottom-left-radius:3px;border-top:3px solid #00b5e2;border-right:3px solid #00b5e2;border-bottom:3px solid #00b5e2;border-left:3px solid #00b5e2;}.wp-block-kadence-advancedbtn .kb-btn_12f7e3-73.kb-button:hover{color:#ffffff;background:#444444;border-top-color:#444444;border-top-style:solid;border-right-color:#444444;border-right-style:solid;border-bottom-color:#444444;border-bottom-style:solid;border-left-color:#444444;border-left-style:solid;}@media all and (max-width: 1024px){.wp-block-kadence-advancedbtn .kb-btn_12f7e3-73.kb-button{border-top:3px solid #00b5e2;border-right:3px solid #00b5e2;border-bottom:3px solid #00b5e2;border-left:3px solid #00b5e2;}}@media all and (max-width: 1024px){.wp-block-kadence-advancedbtn .kb-btn_12f7e3-73.kb-button:hover{border-top-color:#444444;border-top-style:solid;border-right-color:#444444;border-right-style:solid;border-bottom-color:#444444;border-bottom-style:solid;border-left-color:#444444;border-left-style:solid;}}@media all and (max-width: 767px){.wp-block-kadence-advancedbtn .kb-btn_12f7e3-73.kb-button{border-top:3px solid #00b5e2;border-right:3px solid #00b5e2;border-bottom:3px solid #00b5e2;border-left:3px solid #00b5e2;}.wp-block-kadence-advancedbtn .kb-btn_12f7e3-73.kb-button:hover{border-top-color:#444444;border-top-style:solid;border-right-color:#444444;border-right-style:solid;border-bottom-color:#444444;border-bottom-style:solid;border-left-color:#444444;border-left-style:solid;}}<\/style><a class=\"kb-button kt-button button kb-btn_12f7e3-73 kt-btn-size-standard kt-btn-width-type-auto kb-btn-global-outline kt-btn-has-text-true kt-btn-has-svg-false wp-block-kadence-singlebtn\" href=\"#link\"><span class=\"kt-btn-inner-text\">CONTACT<\/span><\/a><\/div>\n\n\n\n<p><\/p>\n<\/div><\/div>\n\n<\/div><\/div>\n\n\n\n<style>.kb-row-layout-id_bed4be-32 > .kt-row-column-wrap{align-content:center;}:where(.kb-row-layout-id_bed4be-32 > .kt-row-column-wrap) > .wp-block-kadence-column{justify-content:center;}.kb-row-layout-id_bed4be-32 > .kt-row-column-wrap{column-gap:var(--global-kb-gap-lg, 4rem);row-gap:var(--global-kb-gap-md, 2rem);max-width:var( --global-content-width, 1440px );padding-left:var(--global-content-edge-padding);padding-right:var(--global-content-edge-padding);padding-top:80px;padding-bottom:80px;grid-template-columns:minmax(0, 2fr) minmax(0, 1fr);}.kb-row-layout-id_bed4be-32 > .kt-row-layout-overlay{opacity:0.30;}@media all and (max-width: 1024px){.kb-row-layout-id_bed4be-32 > .kt-row-column-wrap{grid-template-columns:repeat(2, minmax(0, 1fr));}}@media all and (max-width: 767px){.kb-row-layout-id_bed4be-32 > .kt-row-column-wrap{grid-template-columns:minmax(0, 1fr);}}<\/style><div class=\"kb-row-layout-wrap kb-row-layout-id_bed4be-32 alignnone wp-block-kadence-rowlayout\"><div class=\"kt-row-column-wrap kt-has-2-columns kt-row-layout-left-golden kt-tab-layout-inherit kt-mobile-layout-row kt-row-valign-middle kb-theme-content-width\">\n<style>.kadence-column_2db2bc-76 > .kt-inside-inner-col,.kadence-column_2db2bc-76 > .kt-inside-inner-col:before{border-top-left-radius:0px;border-top-right-radius:0px;border-bottom-right-radius:0px;border-bottom-left-radius:0px;}.kadence-column_2db2bc-76 > .kt-inside-inner-col:before{opacity:0.3;}.kadence-column_2db2bc-76{position:relative;}<\/style>\n<div class=\"wp-block-kadence-column kadence-column_2db2bc-76 inner-column-1\"><div class=\"kt-inside-inner-col\"><style>.wp-block-kadence-advancedheading.kt-adv-heading_2aa8bb-be, .wp-block-kadence-advancedheading.kt-adv-heading_2aa8bb-be[data-kb-block=\"kb-adv-heading_2aa8bb-be\"]{font-size:18px;line-height:36px;font-style:normal;}.wp-block-kadence-advancedheading.kt-adv-heading_2aa8bb-be mark, .wp-block-kadence-advancedheading.kt-adv-heading_2aa8bb-be[data-kb-block=\"kb-adv-heading_2aa8bb-be\"] mark{font-style:normal;color:#f76a0c;padding-top:0px;padding-right:0px;padding-bottom:0px;padding-left:0px;}<\/style>\n<p class=\"kt-adv-heading_2aa8bb-be wp-block-kadence-advancedheading has-theme-palette-5-color has-text-color\" data-kb-block=\"kb-adv-heading_2aa8bb-be\"><meta charset=\"utf-8\"><\/p>\n\n\n<style>.wp-block-kadence-advancedheading.kt-adv-heading_6c1aed-73, .wp-block-kadence-advancedheading.kt-adv-heading_6c1aed-73[data-kb-block=\"kb-adv-heading_6c1aed-73\"]{font-size:18px;line-height:36px;font-style:normal;}.wp-block-kadence-advancedheading.kt-adv-heading_6c1aed-73 mark, .wp-block-kadence-advancedheading.kt-adv-heading_6c1aed-73[data-kb-block=\"kb-adv-heading_6c1aed-73\"] mark{font-style:normal;color:#f76a0c;padding-top:0px;padding-right:0px;padding-bottom:0px;padding-left:0px;}<\/style>\n<p class=\"kt-adv-heading_6c1aed-73 wp-block-kadence-advancedheading has-theme-palette-2-color has-text-color\" data-kb-block=\"kb-adv-heading_6c1aed-73\">Vous trouverez ici une pr\u00e9sentation d\u00e9taill\u00e9e de vous, de votre entreprise, de vos valeurs&#8230;<\/p>\n\n\n<style>.wp-block-kadence-advancedheading.kt-adv-heading_0a1335-c1, .wp-block-kadence-advancedheading.kt-adv-heading_0a1335-c1[data-kb-block=\"kb-adv-heading_0a1335-c1\"]{font-size:18px;line-height:36px;font-style:normal;}.wp-block-kadence-advancedheading.kt-adv-heading_0a1335-c1 mark, .wp-block-kadence-advancedheading.kt-adv-heading_0a1335-c1[data-kb-block=\"kb-adv-heading_0a1335-c1\"] mark{font-style:normal;color:#f76a0c;padding-top:0px;padding-right:0px;padding-bottom:0px;padding-left:0px;}<\/style>\n<p class=\"kt-adv-heading_0a1335-c1 wp-block-kadence-advancedheading has-theme-palette-5-color has-text-color\" data-kb-block=\"kb-adv-heading_0a1335-c1\">Mon entreprise de graphisme \u00e0 \u00e9t\u00e9 con\u00e7ue pour les chefs d&rsquo;entreprise qui veulent gagner en notori\u00e9t\u00e9 et faire conna\u00eetre leurs produits ou services par le biais d&rsquo;une communication adapt\u00e9e et cibl\u00e9e.<br><br>Avec une attention particuli\u00e8re envers les entreprises naissantes, l&rsquo;objectif est de trouver ensemble les leviers strat\u00e9giques. Pour \u00eatre efficace, vous devez capter l&rsquo;attention de vos visiteurs en quelques secondes, notamment avec un site clair et bien pens\u00e9. <br><br>Cette offre cl\u00e9 en main r\u00e9pond \u00e0 un besoin d&rsquo;obtenir un site web efficace en quelques jours \u00e0 petit prix.<br>Pour pouvoir vous proposer un prix aussi bas, l&rsquo;id\u00e9e est de vous proposer une matrice d\u00e9j\u00e0 r\u00e9alis\u00e9e pour commencer sur le web avec un outil simple contenant les informations principales et n\u00e9cessaires. <br>Il ne reste qu&rsquo;\u00e0 int\u00e9grer vos informations et photos, et adapter les couleurs \u00e0 votre entreprise.<br>Souple, cette solution pourra \u00eatre adapt\u00e9e dans le temps \u00e0 un d\u00e9veloppement plus important de votre site web.<\/p>\n\n\n\n<p><\/p>\n<\/div><\/div>\n\n\n<style>.kadence-column_dd783b-38 > .kt-inside-inner-col{padding-top:20px;padding-right:40px;padding-bottom:20px;padding-left:40px;}.kadence-column_dd783b-38 > .kt-inside-inner-col,.kadence-column_dd783b-38 > .kt-inside-inner-col:before{border-top-left-radius:10px;border-top-right-radius:10px;border-bottom-right-radius:10px;border-bottom-left-radius:10px;}.kadence-column_dd783b-38 > .kt-inside-inner-col{background-color:var(--global-palette8, #F7FAFC);}.kadence-column_dd783b-38 > .kt-inside-inner-col:before{opacity:0.3;}.kadence-column_dd783b-38{position:relative;}<\/style>\n<div class=\"wp-block-kadence-column kadence-column_dd783b-38\"><div class=\"kt-inside-inner-col\"><style>.wp-block-kadence-icon.kt-svg-icons_e1a048-86{justify-content:center;}<\/style>\n<div class=\"wp-block-kadence-icon kt-svg-icons kt-svg-icons_e1a048-86 alignnone\"><style>.kt-svg-item-_6a5fda-81 .kb-svg-icon-wrap{color:var(--global-palette5, #4A5568);font-size:80px;}<\/style>\n<div class=\"wp-block-kadence-single-icon kt-svg-style-default kt-svg-icon-wrap kt-svg-item-_6a5fda-81\"><span class=\"kb-svg-icon-wrap kb-svg-icon-ic_quoteSerifLeft\"><svg viewBox=\"0 0 8 8\"  fill=\"currentColor\" xmlns=\"http:\/\/www.w3.org\/2000\/svg\" ><path d=\"M3 0c-1.65 0-3 1.35-3 3v3h3v-3h-2c0-1.11.89-2 2-2v-1zm5 0c-1.65 0-3 1.35-3 3v3h3v-3h-2c0-1.11.89-2 2-2v-1z\" transform=\"translate(0 1)\"\/><\/svg><\/span><\/div>\n<\/div>\n\n\n<style>.wp-block-kadence-advancedheading.kt-adv-heading_e56964-d4, .wp-block-kadence-advancedheading.kt-adv-heading_e56964-d4[data-kb-block=\"kb-adv-heading_e56964-d4\"]{font-weight:500;font-style:normal;}.wp-block-kadence-advancedheading.kt-adv-heading_e56964-d4 mark, .wp-block-kadence-advancedheading.kt-adv-heading_e56964-d4[data-kb-block=\"kb-adv-heading_e56964-d4\"] mark{font-style:normal;color:#f76a0c;padding-top:0px;padding-right:0px;padding-bottom:0px;padding-left:0px;}<\/style>\n<h2 class=\"kt-adv-heading_e56964-d4 wp-block-kadence-advancedheading has-theme-palette-5-color has-text-color\" data-kb-block=\"kb-adv-heading_e56964-d4\"><meta charset=\"utf-8\">Des sites web vitrines modernes et \u00e9pur\u00e9s pour les entreprises en d\u00e9veloppement avec un soin particulier apport\u00e9 \u00e0 l&rsquo;image.<\/h2>\n<\/div><\/div>\n\n<\/div><\/div>\n\n","protected":false},"excerpt":{"rendered":"<p>\u00c0 propos sous-titre Vous trouverez ici une pr\u00e9sentation d\u00e9taill\u00e9e de vous, de votre entreprise, de vos valeurs&#8230; Mon entreprise de graphisme \u00e0 \u00e9t\u00e9 con\u00e7ue pour les chefs d&rsquo;entreprise qui veulent gagner en notori\u00e9t\u00e9 et faire conna\u00eetre leurs produits ou services par le biais d&rsquo;une communication adapt\u00e9e et cibl\u00e9e. Avec une attention particuli\u00e8re envers les entreprises&#8230;<\/p>\n","protected":false},"author":1,"featured_media":0,"parent":0,"menu_order":0,"comment_status":"closed","ping_status":"closed","template":"","meta":{"_kad_post_transparent":"","_kad_post_title":"","_kad_post_layout":"","_kad_post_sidebar_id":"","_kad_post_content_style":"","_kad_post_vertical_padding":"","_kad_post_feature":"","_kad_post_feature_position":"","_kad_post_header":false,"_kad_post_footer":false,"_kad_post_classname":""},"_links":{"self":[{"href":"https:\/\/stefgraphisme.fr\/sites-cles-en-main\/avance\/wp-json\/wp\/v2\/pages\/11"}],"collection":[{"href":"https:\/\/stefgraphisme.fr\/sites-cles-en-main\/avance\/wp-json\/wp\/v2\/pages"}],"about":[{"href":"https:\/\/stefgraphisme.fr\/sites-cles-en-main\/avance\/wp-json\/wp\/v2\/types\/page"}],"author":[{"embeddable":true,"href":"https:\/\/stefgraphisme.fr\/sites-cles-en-main\/avance\/wp-json\/wp\/v2\/users\/1"}],"replies":[{"embeddable":true,"href":"https:\/\/stefgraphisme.fr\/sites-cles-en-main\/avance\/wp-json\/wp\/v2\/comments?post=11"}],"version-history":[{"count":8,"href":"https:\/\/stefgraphisme.fr\/sites-cles-en-main\/avance\/wp-json\/wp\/v2\/pages\/11\/revisions"}],"predecessor-version":[{"id":394,"href":"https:\/\/stefgraphisme.fr\/sites-cles-en-main\/avance\/wp-json\/wp\/v2\/pages\/11\/revisions\/394"}],"wp:attachment":[{"href":"https:\/\/stefgraphisme.fr\/sites-cles-en-main\/avance\/wp-json\/wp\/v2\/media?parent=11"}],"curies":[{"name":"wp","href":"https:\/\/api.w.org\/{rel}","templated":true}]}}